on divisor of 40 and 873150?
10
What is the highest common factor of 8181 and 12120?
303
What is the highest common divisor of 242 and 1924747?
121
What is the greatest common factor of 583971 and 444?
111
Calculate the highest common divisor of 9112 and 185657.
1139
Calculate the highest common factor of 568429 and 986.
493
What is the highest common divisor of 10989 and 66231?
297
What is the highest common factor of 36971 and 176?
11
Calculate the highest common divisor of 8 and 3112056.
8
Calculate the highest common factor of 194544 and 80.
16
Calculate the greatest common divisor of 63519 and 1085.
31
What is the greatest common factor of 56406 and 147?
21
What is the greatest common divisor of 100782 and 1980?
198
Calculate the greatest common factor of 3735468 and 11.
11
What is the greatest common divisor of 98550 and 15?
15
Calculate the highest common factor of 165 and 1830.
15
Calculate the highest common factor of 532 and 896.
28
Calculate the highest common divisor of 72560 and 150.
10
What is the highest common factor of 41222 and 6?
2
Calculate the highest common divisor of 8 and 7156.
4
What is the highest common factor of 45 and 52101?
9
What is the greatest common divisor of 765 and 5185?
85
What is the greatest common divisor of 10689760 and 710?
710
What is the greatest common factor of 1118 and 5902?
26
Calculate the highest common factor of 1167 and 5.
1
Calculate the highest common factor of 82 and 522094.
82
What is the greatest common factor of 5423 and 1513?
17
What is the greatest common factor of 385 and 5214?
11
What is the highest common divisor of 1457 and 180715?
47
What is the greatest common divisor of 1570 and 815615?
785
Calculate the greatest common factor of 1085 and 62.
31
What is the highest common divisor of 2679 and 1067652?
141
What is the greatest common factor of 24 and 8951988?
12
What is the highest common factor of 82059 and 255?
51
What is the highest common divisor of 494758 and 37840?
946
Calculate the highest common factor of 258094 and 884.
34
What is the highest common factor of 15743 and 11557?
91
Calculate the greatest common divisor of 275 and 341660.
55
Calculate the greatest common divisor of 1124 and 891332.
1124
What is the highest common divisor of 723 and 309?
3
Calculate the highest common factor of 2877 and 56307.
411
What is the highest common factor of 314 and 4622394?
314
What is the highest common factor of 928 and 722680?
232
What is the highest common factor of 415639 and 35?
7
What is the highest common divisor of 55 and 71973?
11
What is the highest common divisor of 1015383 and 3?
3
Calculate the highest common factor of 363689 and 29.
29
What is the highest common factor of 8126 and 1462?
34
Calculate the greatest common factor of 15981 and 42.
21
Calculate the highest common divisor of 9 and 74863.
1
What is the highest common divisor of 1408 and 1089968?
176
What is the highest common factor of 21 and 123207?
21
Calculate the highest common divisor of 32912 and 528.
176
What is the greatest common divisor of 132 and 271788?
132
What is the greatest common divisor of 149718 and 318?
6
Calculate the greatest common factor of 94352 and 32.
16
Calculate the greatest common factor of 385 and 25550.
35
Calculate the highest common divisor of 32186 and 57.
19
What is the highest common factor of 10686 and 27948?
822
Calculate the greatest common divisor of 651 and 17949.
93
Calculate the highest common factor of 11356 and 1169.
167
Calculate the greatest common factor of 1477 and 59924.
211
What is the highest common divisor of 62215 and 8395?
115
Calculate the greatest common factor of 4128 and 2792.
8
What is the highest common factor of 250 and 55150?
50
Calculate the greatest common divisor of 68067 and 387.
9
Calculate the highest common factor of 2498 and 553307.
1249
Calculate the greatest common factor of 324 and 92583.
81
What is the greatest common divisor of 66 and 1336467?
33
What is the highest common divisor of 312 and 882609?
39
What is the greatest common divisor of 164836 and 2030?
406
What is the greatest common divisor of 6433020 and 513?
513
Calculate the highest common factor of 20838 and 6624.
138
What is the greatest common factor of 340 and 16?
4
Calculate the greatest common factor of 1986 and 1500.
6
Calculate the highest common factor of 81663 and 28851.
489
Calculate the highest common factor of 40 and 209480.
40
What is the highest common divisor of 3291 and 12?
3
Calculate the greatest common factor of 469542 and 2815.
563
What is the highest common factor of 3615 and 7335?
15
Calculate the highest common factor of 51 and 8738.
17
Calculate the highest common divisor of 79520 and 5467.
497
What is the greatest common divisor of 71346 and 4512?
282
What is the greatest common factor of 580 and 1783935?
145
Calculate the highest common divisor of 800 and 11450.
50
What is the greatest common divisor of 56451 and 1488?
93
Calculate the greatest common divisor of 160498 and 104.
26
Calculate the highest common divisor of 13930554 and 1826.
1826
Calculate the greatest common factor of 11641420 and 56.
28
Calculate the highest common divisor of 1001 and 24661.
91
Calculate the greatest common divisor of 368060 and 70.
70
What is the highest common factor of 940 and 23876?
188
Calculate the highest common divisor of 9152 and 5533.
11
Calculate the greatest common factor of 390 and 750.
30
Calculate the highest common factor of 1296 and 261.
9
Calculate the highest common divisor of 26454 and 6.
6
Calculate the highest common factor of 1044 and 493.
29
Calculate the highest common factor of 254677 and 47073.
1207
What is the highest common divisor of 138 and 16238?
46
What is the highest common divisor of 66852 and 372?
12
Calculate the highest common factor of 1140480 and 495.
495
What is the greatest common factor of 672011 and 313?
313
Calculate the greatest common divisor of 3548296 and 24.
8
What is the greatest common divisor of 98 and 15736?
14
What is the highest common factor of 238 and 618443?
119
What is the greatest common factor of 2553 and 3996?
111
What is the greatest common divisor of 2329 and 1224?
17
What is the highest common divisor of 104 and 24622?
26
Calculate the greatest common factor of 3135 and 183205.
55
What is the greatest common factor of 343 and 249361?
343
Calculate the highest common factor of 682 and 53856.
22
Calculate the greatest common divisor of 948 and 4044.
12
What is the highest common factor of 192 and 3150288?
48
Calculate the greatest common divisor of 3555622 and 532.
266
Calculate the highest common divisor of 64 and 98248.
8
What is the greatest common factor of 13283 and 38591?
37
What is the greatest common factor of 9 and 269145?
9
What is the greatest common divisor of 9220 and 40?
20
What is the greatest common factor of 66689 and 3332?
49
What is the greatest common divisor of 899 and 256853?
29
Calculate the highest common factor of 3795 and 24915.
165
Calculate the greatest common factor of 672 and 10528.
224
Calculate the highest common factor of 13 and 4049747.
13
What is the greatest common factor of 270 and 90450?
270
What is the highest common divisor of 777 and 67488?
111
What is the highest common factor of 10520 and 5800?
40
What is the greatest common factor of 1073 and 141781?
29
Calculate the greatest common divisor of 56925 and 12144.
759
Calculate the highest common divisor of 36 and 256836.
12
Calculate the greatest common factor of 2 and 5666.
2
What is the highest common factor of 1792 and 18592?
224
Calculate the greatest common factor of 147 and 8967.
147
Calculate the greatest common factor of 78480 and 960.
240
Calculate the highest common divisor of 8438585 and 115.
115
Calculate the greatest common factor of 738 and 68962.
82
Calculate the highest common factor of 2790 and 6050.
10
What is the highest common factor of 4102 and 574?
14
Calculate the highest common factor of 9408 and 600.
24
Calculate the highest common factor of 80223 and 3575.
143
Calculate the highest common divisor of 20274 and 682.
62
Calculate the highest common divisor of 189 and 1987965.
63
What is the greatest common factor of 10505 and 6215?
55
Calculate the greatest common divisor of 22 and 67